 11*g. Give v(g).
10
Let i be -5 + -11 + 27 + (7 - 1). Let a(u) = 5*u**3 - 86*u**2 + 18*u - 3. Give a(i).
14
Let h = 13 + -17. Let i(a) = -2*a - 4. Let u be i(h). Suppose 0 = -5*r + 1 + u. Let w(v) = -13*v - 1. Determine w(r).
-14
Let y(g) = -5*g + 2*g + 3 - 1 + 13*g. Let o(s) = -2*s - 1. Let b(f) = -3*o(f) - y(f). What is b(-8)?
33
Let x(w) be the third derivative of -3*w**4/8 + 19*w**3/3 + 1715*w**2. What is x(5)?
-7
Let w = 1245 - 1223. Let b(y) = -2*y + 57. Calculate b(w).
13
Let f = -223 + 228. Suppose 5*t - 30 = 4*m, -f*m - 31 = -3*t - 0*t. Let u(x) = -9*x + 1. Give u(t).
-17
Let p(r) be the first derivative of -14*r**2 + 197 + 4*r**2 - 253. What is p(1)?
-20
Let n(x) = -13*x**3 - 10*x**2 - 16*x - 6. Let h(l) = 24*l**3 + 17*l**2 + 31*l + 10. Let b(z) = -6*h(z) - 11*n(z). Give b(6).
18
Let u = -2183 - -2180. Let j(v) = 7*v + 17. Determine j(u).
-4
Let a(r) = 2*r**3 + 4*r + 3. Let y be 366 + (-2)/(12/(-6))*1. Let q = y + -369. Determine a(q).
-21
Let s(h) = -19*h**3 + 2*h**2 + 2*h + 1. Let v(y) = 69*y - 57*y - y**2 - 1 + 7*y**2. Let z be v(-2). Calculate s(z).
20
Let k(y) = y**2 - 2*y - 109. Suppose 24*d - 29*d = 4*m + 20, 0 = -5*d + 4*m + 20. Give k(d).
-109
Let g = 82 + -23. Let x = -37 + g. Let s = -28 + x. Let w(o) = o**3 + 5*o**2 - 3*o. What is w(s)?
-18
Let x(q) = -q**2 - 12*q + 326. Let z(w) = -906*w - 10859. Let y be z(-12). Give x(y).
1
Let r(u) be the third derivative of u**6/120 - u**5/6 + u**4/3 + 11*u**3/6 + 2*u**2 + 304. Determine r(9).
2
Let g(s) be the third derivative of s**8/20160 - 11*s**7/5040 - s**6/720 + 181*s**5/60 + 2*s**2 + 61. Let m(t) be the third derivative of g(t). Give m(10).
-11
Let y = 749/4 + -747/4. Let f(s) be the first derivative of 9*s - y*s**2 - 4. Give f(5).
4
Let n(w) be the first derivative of -w**4/4 - 3*w**3 + 5*w**2 + 5*w + 491. What is n(-10)?
5
Let v(n) be the first derivative of n**4/4 - 6*n**3 + 21*n**2/2 - 73*n - 1582. Give v(17).
-5
Let i(c) = -3*c**2 - 4*c + 18. Let l be i(-3). Let n(m) be the second derivative of -m**5/20 + m**4/2 + 2*m**2 + 162*m. What is n(l)?
31
Let k(c) = c**2 - 9*c + 5. Let b = -681 - -688. What is k(b)?
-9
Let w(p) = 61*p**2 - 16*p**2 - 22*p**2 - 8*p**2 + 5*p - 35 - 13*p**2. Determine w(5).
40
Let c(m) be the second derivative of m**5/5 - m**4/12 + m**3/3 - m**2/2 - 70*m. Let g(w) = w**2 - 4*w + 5. Let t be g(3). Suppose 4*p = t*p + 2. Give c(p).
4
Suppose 2*y = -y - 2*g - 16, 0 = -3*y + 5*g + 19. Let f be (-4 - -1)*y/3. Let b(l) = 178739 + l**2 + 178732 - 357469. Give b(f).
6
Let i(q) = -2*q**2 + 2*q + 3. Let t(a) = 30 + 3*a**2 + 3*a - 4*a**2 - 27. Let r(y) = 2*i(y) - 3*t(y). Give r(-5).
-3
Let p(b) = -b**2 - 7*b - 2. Let l be (1 + 0)/(5 - 9/2). Let f be (4 - 2 - -10)*l/(-4). What is p(f)?
4
Let k(d) = -d**2 + 9*d + 5. Let s be k(10). Let p(a) be the second derivative of a**3/6 - 2*a - 89. Determine p(s).
-5
Let z(a) = -a**2 + a - 2. Let y(l) = l**3 - 7*l**2 + 6*l - 6. Let f(q) = -y(q) + 4*z(q). Suppose 2*s = -5*n + 3*s + 16, -3*n + 4 = 5*s. Calculate f(n).
-8
Let f(s) = 3*s**3 - 10*s**2 + s + 1. Let v(c) = 16*c**3 - 62*c**2 + 8*c - 4. Let z(j) = -6*f(j) + v(j). Determine z(0).
-10
Suppose -34 = -11*q - 1. Let i(g) = -5*g**2 + 12*g**2 + g + g**q - 10 + g**2 - 2*g. Let f = 57 - 65. Determine i(f).
-2
Suppose -167*q + 53*q - 2394 = 0. Let i(d) = -d**2 - 14*d + 27. Calculate i(q).
-120
Let j(n) = -3*n**2 + 2*n**2 + 4*n + 0*n**2. Let d(g) = g**2 - 53*g - 552. Let c be d(-9). What is j(c)?
-12
Suppose -10*d = 17*d + 108. Let t(y) = 3*y**3 - 2*y**2 + 5*y + 7. Let w(f) = -5*f + 2*f**2 - 5*f**3 - 3 + f**3 - 5. Let q(p) = d*w(p) - 5*t(p). Determine q(-3).
3
Let o(h) = -h**3 + 3. Let r = -258 - -277. Let s(y) = -10*y**2 - 16*y - y**3 - 8*y**2 - 3*y + 2*y**3. Let g be s(r). Calculate o(g).
3
Let d = -7 + 2. Let f(b) = -4*b**3 - 10*b**2 + 3*b - 2. Let q(m) = -m**3 - 2*m**2 - m - 1. Let w = 95 + -98. Let c(a) = w*q(a) + f(a). Determine c(d).
-4
Let r be ((-14)/35)/((-1)/(-10)). Let o be -2 + 4 - r/12*3. Let z(u) = -5*u + 2. What is z(o)?
-13
Let v = 1202 - 1728. Let u = 527 + v. Let w(g) = 3*g - 1. Let p(r) = 3*r. Let m(j) = 3*p(j) - 2*w(j). Calculate m(u).
5
Let t(j) = j + 3. Suppose 2*d + 6 = 30. Let u(b) = -4*b - 22. Let n(m) = d*t(m) + 2*u(m). Give n(6).
16
Let z be (56/(-8))/(5/(-45)). Let k(d) = -d + z + 9*d**2 + 4*d**2 - 126 + 63. Calculate k(1).
12
Suppose -2*o + 6 - 2 = 0. Let k(d) = 25*d**o - d + d + 3 - 24*d**2 + 3*d. Suppose 4*f - 59*m + 60*m = -11, -22 = 3*f - 2*m. Calculate k(f).
7
Let r(a) = 5*a + 164. Let o(i) = -51*i - 1641. Let d(q) = -4*o(q) - 42*r(q). Let l be d(-53). Let z(p) = p**3 + 7*p**2 + 4*p - 13. Give z(l).
-1
Let c(w) = 6*w + 31. Let b be c(-7). Let d(x) = -9*x + 1. Let y(u) = 25*u - 4. Let a(l) = b*d(l) - 4*y(l). Let i be (-1 + -1)*(0 - -2). What is a(i)?
9
Let p be 4/6*-230 + 66/(-99). Let q = -147 - p. Let h(u) = 4*u - 23. Determine h(q).
5
Let x(p) be the second derivative of -8*p + 1/20*p**5 + 1/2*p**4 - 1 + 5/6*p**3 + p**2. Determine x(-4).
14
Let y(o) be the third derivative of o**5/60 + o**4/4 - o**3/2 + 4*o**2. Let w(c) = 56*c - 7453. Let n be w(133). Give y(n).
-8
Let n(t) = t**2 + 33*t + 134. Suppose -68*z - 44 = -64*z + 4*p, 2*z + 4*p = -34. What is n(z)?
-6
Let w(b) = 2*b**2 + 27*b + 11. Let g(u) = 2*u**2 + 23*u + 10. Let d(q) = -5*g(q) + 4*w(q). What is d(-5)?
-21
Suppose -4 = 3*f - 5*f. Let z(w) = -2*w + 482. Let c(n) = 2*n - 413. Let x(v) = 7*c(v) + 6*z(v). Determine x(f).
5
Let y = -147 + 149. Let u = 5 - 3. Suppose -u*g - 20 = y*g. Let d(p) = p**2 + 4*p - 1. Determine d(g).
4
Let x = 1349 + -1348. Let z(o) be the third derivative of -11*o**5/60 + o**4/12 - o**3/6 - 4*o**2. Determine z(x).
-10
Let i(v) be the third derivative of v**5/60 - 11*v**4/24 - 5*v**3 - 20*v**2. Let o be i(14). Let d(h) = 26 - o*h - 27 - 10*h. Calculate d(-1).
21
Let o(x) = 18*x - 735. Let l be o(41). Let r(k) = 10*k - 3. Determine r(l).
27
Let c(r) = -r**3 + 16*r**2 + 18*r - 18. Let h = 75 + -264. Let d = 206 + h. What is c(d)?
-1
Let u = -57 - -61. Suppose -3*i - u + 14 = -2*j, i - 12 = 5*j. Let v(o) = -3*o + 2 - 6 + o**i - 2*o**2. What is v(-5)?
-14
Let p(j) = -j**2 - 19*j - 54. Let i = 18155 + -18166. Calculate p(i).
34
Let a(t) = -t**2 + 42 + 1372468*t + 2*t**2 - 1372452*t + 0*t**2. Calculate a(-17).
59
Let g(b) = 29*b**2 + 8*b - 122*b**2 + 101*b**2 + b**3 + 8. What is g(-6)?
32
Let i(z) = z + 1. Suppose 36*l + 420 = 16*l. Let j be (l/9 + 2)*18. What is i(j)?
-5
Let k(s) = s**3 + 14*s**2 - 16*s - 6. Let d = 419 + -970. Let u = d + 536. Determine k(u).
9
Let s(r) = -5*r**2 + 53*r + 3. Let f(h) = 9*h**2 - 96*h - 8. Let n(d) = 6*f(d) + 11*s(d). Calculate n(3).
-3
Let z(d) = -3*d**2 - 329*d - 331*d - 9*d**3 + 661*d + 2. What is z(-1)?
7
Let u(n) be the third derivative of -n**5/60 - 15*n**3 - n**2 - 225*n. What is u(0)?
-90
Let n(f) = -f**3 - 13*f**2 + 30*f + 28. Let v(d) = -d**3 + 64*d**2 - 663*d - 15. Let z be v(51). What is n(z)?
28
Suppose 12*t - 2086 - 734 = 0. Let m = 232 - t. Let z(x) = x**2 + 2*x + 3. Calculate z(m).
6
Let i(h) = -h**3 + 12*h**2 + 5*h + 27. Let x be i(11). Suppose x = -g + 216. Let v(r) = -16*r**3 + 4 + 2 - g + 6 + 2*r. What is v(1)?
-15
Let k = 56 - 53. Suppose 0*q + 5*q = c + 17, -k*q = -c - 9. Let z(w) = -3*w - 6. Let b(m) = 1. Let s(t) = -4*b(t) - z(t). What is s(c)?
11
Let o be (-6)/(-24) + 183/(-12). Let a = o - -21. Let l(f) = -60*f**2 + 0*f**3 + f**3 - 8*f - 2*f**3 + 67*f**2 + 8. What is l(a)?
-4
Suppose 9*b + 17*b = -2470. Let s be (-10)/b - 120/57. Let q(y) = -2*y**3 - 2*y - 3. Give q(s).
17
Let v(z) = -4*z - 9. Let f(m) = 2*m + 4. Let t(l) = 5*f(l) + 2*v(l). Let o = -136 + 133. Let i = 0 + o. Determine t(i).
-4
Let i(p) be the second derivative of 0 + 0*p**3 - 5*p**2 - 1/24*p**4 + 9*p. Let d(n) be the first derivative of i(n). Determine d(-6).
6
Suppose 5*x - x - n - 44 = 0, -2*x = -5*n - 4. Suppose 19*r - 22*r + x = 0. Let g(b) = -b**3 + 5*b**2 - 3*b - 2. Determine g(r).
2
Let i(x) be the third derivative of -x**5/60 + x**4/24 - 7*x**3/6 + 4*x**2 + 3*x - 14. Give i(2).
-9
Let a(y) = -105*y**3 + 5*y**2 - 3*y - 11. Let k be a(-2). Let o be (k/36)/(40/32). Let r(d) = d**3 - 20*d**2 + 18*d + 27. Calculate r(o).
8
Let h(p) = 8*p**2 - 5*p + 4. Let l be h(2). Let y(t) = 3*t**2 - 2*t - 6. Let v be y(2). Let d(n) = n**v - 21 